12617?
2
What is the thousands digit of 2817?
2
What is the tens digit of 4525?
2
What is the tens digit of 988?
8
What is the units digit of 54622?
2
What is the thousands digit of 35779?
5
What is the units digit of 7939?
9
What is the units digit of 65022?
2
What is the tens digit of 15631?
3
What is the tens digit of 352?
5
What is the tens digit of 671?
7
What is the hundreds digit of 2856?
8
What is the units digit of 21172?
2
What is the tens digit of 736?
3
What is the hundreds digit of 87174?
1
What is the thousands digit of 9707?
9
What is the hundreds digit of 1701?
7
What is the units digit of 10828?
8
What is the thousands digit of 9280?
9
What is the hundreds digit of 11240?
2
What is the units digit of 132515?
5
What is the hundreds digit of 23284?
2
What is the thousands digit of 1686?
1
What is the ten thousands digit of 150400?
5
What is the units digit of 5534?
4
What is the tens digit of 887?
8
What is the thousands digit of 29463?
9
What is the hundreds digit of 80156?
1
What is the thousands digit of 3080?
3
What is the thousands digit of 1319?
1
What is the thousands digit of 2003?
2
What is the tens digit of 2639?
3
What is the tens digit of 3286?
8
What is the tens digit of 2569?
6
What is the hundreds digit of 681?
6
What is the hundreds digit of 12847?
8
What is the thousands digit of 2258?
2
What is the thousands digit of 3773?
3
What is the thousands digit of 8139?
8
What is the thousands digit of 8208?
8
What is the units digit of 1329?
9
What is the thousands digit of 7291?
7
What is the hundreds digit of 266?
2
What is the tens digit of 6308?
0
What is the units digit of 1848?
8
What is the hundreds digit of 17955?
9
What is the tens digit of 2371?
7
What is the thousands digit of 57893?
7
What is the tens digit of 12609?
0
What is the hundreds digit of 8892?
8
What is the thousands digit of 41908?
1
What is the tens digit of 126155?
5
What is the thousands digit of 40923?
0
What is the hundreds digit of 18787?
7
What is the ten thousands digit of 90530?
9
What is the thousands digit of 41429?
1
What is the units digit of 23586?
6
What is the thousands digit of 4909?
4
What is the thousands digit of 4054?
4
What is the units digit of 4913?
3
What is the ten thousands digit of 15729?
1
What is the ten thousands digit of 97557?
9
What is the hundreds digit of 29274?
2
What is the hundreds digit of 16606?
6
What is the units digit of 4874?
4
What is the hundreds digit of 2858?
8
What is the tens digit of 1706?
0
What is the tens digit of 41464?
6
What is the hundreds digit of 5791?
7
What is the tens digit of 3831?
3
What is the units digit of 5712?
2
What is the ten thousands digit of 39975?
3
What is the hundreds digit of 46282?
2
What is the units digit of 5466?
6
What is the tens digit of 6673?
7
What is the tens digit of 22636?
3
What is the units digit of 2626?
6
What is the units digit of 3424?
4
What is the thousands digit of 129759?
9
What is the tens digit of 29620?
2
What is the units digit of 297?
7
What is the units digit of 81625?
5
What is the tens digit of 1243?
4
What is the tens digit of 731?
3
What is the hundreds digit of 931?
9
What is the tens digit of 15264?
6
What is the thousands digit of 4640?
4
What is the thousands digit of 2083?
2
What is the units digit of 1524?
4
What is the units digit of 655?
5
What is the tens digit of 46499?
9
What is the tens digit of 19287?
8
What is the tens digit of 953?
5
What is the tens digit of 2386?
8
What is the thousands digit of 23298?
3
What is the units digit of 302?
2
What is the thousands digit of 1048?
1
What is the units digit of 1848?
8
What is the tens digit of 431?
3
What is the tens digit of 249?
4
What is the tens digit of 923?
2
What is the tens digit of 25381?
8
What is the ten thousands digit of 23152?
2
What is the ten thousands digit of 51156?
5
What is the tens digit of 18445?
4
What is the thousands digit of 17063?
7
What is the hundreds digit of 8836?
8
What is the tens digit of 16932?
3
What is the hundreds digit of 2123?
1
What is the units digit of 9829?
9
What is the tens digit of 40345?
4
What is the tens digit of 426?
2
What is the thousands digit of 1456?
1
What is the thousands digit of 20768?
0
What is the thousands digit of 1612?
1
What is the ten thousands digit of 179050?
7
What is the hundreds digit of 951?
9
What is the hundreds digit of 569?
5
What is the tens digit of 7454?
5
What is the units digit of 4200?
0
What is the thousands digit of 67779?
7
What is the thousands digit of 4703?
4
What is the thousands digit of 2174?
2
What is the thousands digit of 21647?
1
What is the tens digit of 23891?
9
What is the ten thousands digit of 12195?
1
What is the hundreds digit of 20696?
6
What is the units digit of 2606?
6
What is the hundreds digit of 4714?
7
What is the thousands digit of 31639?
1
What is the units digit of 825?
5
What is the hundreds digit of 2674?
6
What is the hundreds digit of 311?
3
What is the tens digit of 24242?
4
What is the hundreds digit of 913?
9
What is the tens digit of 563?
6
What is the tens digit of 899?
9
What is the thousands digit of 70535?
0
What is the ten thousands digit of 95495?
9
What is the units digit of 7988?
8
What is the units digit of 5253?
3
What is the hundreds digit of 1638?
6
What is the tens digit of 2971?
7
What is the hundreds digit of 4062?
0
What is the tens digit of 573?
7
What is the tens digit of 3343?
4
What is the tens digit of 6807?
0
What is the tens digit of 1306?
0
What is the hundreds digit of 776?
7
What is the tens digit of 35?
3
What is the tens digit of 1366?
6
What is the thousands digit of 23944?
3
What is the thousands digit of 8338?
8
What is the units digit of 997?
7
What is the thousands digit of 20786?
0
What is the ten thousands digit of 32695?
3
What is the tens digit of 330?
3
What is the tens digit of 8666?
6
What is the hundreds digit of 16347?
3
What is the ten thousands digit of 17765?
1
What is the hundreds digit of 1876?
8
What is the ten thousands digit of 57542?
5
What is the thousands digit of 109947?
9
What is the thousands digit of 5162?
5
What is the units digit of 1935?
5
What is the hundreds digit of 5700?
7
What is the tens digit of 15087?
8
What is the units digit of 1015?
5
What is the tens digit of 756?
5
What is the tens digit of 93136?
3
What is the units digit of 489?
9
What is the units digit of 4274?
4
What is the tens digit of 15862?
6
What is the tens digit of 7936?
3
What is the hundreds digit of 542?
5
What is the thousands digit of 30059?
0
What is the units digit of 15277?
7
What is the tens digit of 501?
0
What is the units digit of 582?
2
What is the units digit of 5957?
7
What is the hundreds digit of 249?
2
What is the thousands digit of 1640?
1
What is the hundreds digit of 10212?
2
What is the thousands digit of 74110?
4
What is the hundreds digit of 1445?
4
What is the units digit of 97006?
6
What is the hundreds digit of 805?
8
What is the hundreds digit of 612?
6
What is the ten thousands digit of 30670?
3
What is the hundreds digit of 9063?
0
What is the units digit of 35425?
5
What is the ten thousands digit of 32244?
3
What is the units digit of 127?
7
What is the tens digit of 2006?
0
What is the thousands digit of 1390?
1
What is the ten thousands digit of 12351?
1
What is the hundreds digit of 3629?
6
What is the hundreds digit of 4485?
4
What is the hundreds digit of 75873?
8
What is the tens digit of 951?
5
What is the units digit of 55303?
3
What is the units digit of 1715?
5
What is the thousands digit of 1210?
1
What is the units digit of 39134?
4
What is the ten thousands digit of 66666?
6
What is the thousands digit of 8012?
8
What is the ten thousands digit of 12227?
1
What is the ten thousands digit of 11950?
1
What is the units digit of 1789?
9
What is the units digit of 4200?
0
What is the hundreds digit of 23261?
2
What is the ten thousands digit of 27250?
2
What is the units digit of 3294?
4
What is the units digit of 4398?
8
What is the tens digit of 95883?
8
What is the hundreds digit of 68320?
3
What is the tens digit of 1813?
1
What is the thousands digit of 84986?
4
What is the thousands digit of 5441?
5
What is the tens digit of 1461?
6
What is the thousands digit of 33364?
3
